t l = 28910 + -28910. Let f(n) be the second derivative of -31*n - 2/3*n**3 + l + 0*n**2. What is f(1)?
-4
Let b be (-1)/(-5) - (-31)/(-5). Let s(h) = -h**3 + 11*h**2 - 10*h + 1. Let p be s(10). Let m(u) = -8*u + 55*u**2 - p - 63*u**2 + 6 - u**3. What is m(b)?
-19
Let t(y) = 5*y + 1. Let z(r) = -r**2 + 13*r + 63. Let u be z(16). Suppose -v - u = 2*v. Calculate t(v).
-24
Let u(w) = 6 - 5*w + w - 7. Let y be -4 + (-4 - -7) - -3. Suppose y*l = 6*l - 4. What is u(l)?
-5
Let b = -5 + 14. Let y(u) = -5*u - 19. Let t(f) = -12*f - 48. Let v(j) = -2*t(j) + 5*y(j). Give v(b).
-8
Let l(t) = -4*t**3 - 6*t**2 - 7*t + 2. Let c(p) = p**3 + p**2 + p. Let x(u) = 6*c(u) + l(u). Suppose 102*h + 212139 = 211935. Determine x(h).
-12
Let s(n) = -5*n + 55. Suppose 0 = 2*u - 2, 147*i - 150*i = 5*u - 35. Determine s(i).
5
Let r(u) be the third derivative of u**6/720 - 13*u**5/120 + u**4/12 - 25*u**3/6 - 2*u**2 + 145*u. Let a(v) be the second derivative of r(v). Calculate a(9).
-4
Let d(m) = -2*m**3 - m**2 + 3*m + 2. Let g be d(-2). Let b(v) be the third derivative of v**4/24 + v**2 + 4658. Calculate b(g).
8
Let v(s) = s - 96. Let c(m) = -194. Let u(i) = -c(i) + 2*v(i). Suppose 0 = 3*q + q + 20. Let f be 1/q + 38/(-10). What is u(f)?
-6
Suppose -3*w - 12 = -2*w + 5*j, -3*w + 3 = 2*j. Let n(g) be the first derivative of -5/3*g**w + 1 - 3*g + 1/4*g**4 + 3/2*g**2. What is n(4)?
-7
Let y(b) = -b + 43. Let k = 7352 - 7339. What is y(k)?
30
Let i be ((-3)/3)/((-90)/(-87) - 1). Let a = i + 36. Let s(c) = 1 + 6*c**2 - 18*c**3 - a*c**2 - c**2. Give s(1).
-19
Let a(d) = -2*d**2 + 11 - 2 + d + 0*d**2 + 3*d**2. Let j(l) = -3*l + 33. Let q be j(11). Give a(q).
9
Let u(r) = -5*r + 58. Suppose -5*d + 263*z + 56 = 260*z, -2*z - 54 = -5*d. Give u(d).
8
Let m(o) be the third derivative of 1/24*o**4 - 1/2*o**3 - 19*o**2 + 0*o + 0. Calculate m(6).
3
Let u = -2565 + 2566. Let s(m) = -33*m**2 + m. Calculate s(u).
-32
Let d be (8*1/4)/(4/22). Let z(j) = 5*j**3 + 13*j**2 + j - 3. Let x(g) = -14*g**3 - 38*g**2 - 2*g + 10. Let k(b) = d*z(b) + 4*x(b). Determine k(-9).
-20
Let t = 156 + -152. Let l(c) = -c**2 + 8*c - 6. Calculate l(t).
10
Let c be (-159)/15 + (-48)/(-30). Let n(y) = -7 + 5*y - y**2 + 2*y**2 + 3*y. Give n(c).
2
Let f(s) = -4*s - 9. Let v be f(-5). Suppose 6*j - v*j = -15. Let p(y) = y - 1. Let a(w) = -3*w + 4. Let r(i) = 4*a(i) + 14*p(i). Calculate r(j).
8
Let z(n) = -n**3 - 14*n**2 + 4*n + 62. Suppose 143 + 226 = -46*t - 275. Calculate z(t).
6
Let a(d) = d**2 + 4*d + 3. Let y(h) = 2*h + 1. Let m(t) = -2*a(t) + 5*y(t). Suppose -12*j = -21*j + 9. Determine m(j).
-1
Let k be (-13)/((-130)/(-30)) - 24/(-2). Let b be -3 + 0 + k - (2 + 1). Let f(j) = j**3 - 3*j**2 + 3. Determine f(b).
3
Let o(f) = -11*f**2 - f**2 + 5 + 2*f**3 + 13*f**2 - 5*f**2 - 4*f. Give o(2).
-3
Let b(v) be the first derivative of 11*v**3/3 - 2*v**2 - 3*v - 85. Let x(l) = 12*l**2 - 5*l - 4. Let n(h) = -3*b(h) + 2*x(h). Calculate n(-1).
-10
Let w(n) = -n**3 + 0*n**3 - 13114*n**2 - 41*n + 0*n**3 + 3 + 13101*n**2. Give w(-7).
-4
Let v be ((-2)/5)/((-12)/210). Let t(l) be the third derivative of -28*l**2 + 1/2*l**3 - 1/24*l**4 + 0 + 0*l. Determine t(v).
-4
Let h(d) = 0*d - 3*d + d - 12 + 34 - 27. Suppose 3*p + 0 = 12. Let s be p + 2 - (1 - 0). What is h(s)?
-15
Let w(g) be the third derivative of -g**6/40 - 17*g**5/30 - 3*g**4/8 + 17*g**3/6 + 114*g**2 - 3. Give w(-11).
-5
Let z(s) = s**3 + 7*s**2 + 16*s + 58. Let q be z(-6). Let g(h) = -2*h + 10*h - 4*h - 3 - 5*h. What is g(q)?
-1
Let x(d) = d - 13. Let o = 131 + -126. Suppose -12 = 5*b - 7*b + 5*h, 4*b + o*h = 54. Calculate x(b).
-2
Let b(t) = t**2 + 2*t - 17. Suppose 2076*f = 2138*f + 248. Give b(f).
-9
Let p(j) = 5*j**3 + 2. Let a(g) = -7*g**2 + 54*g - 37. Let m be a(7). What is p(m)?
-38
Let u be (-6)/(-39) + 1728/(-78). Let w(q) = -6*q + 17. Let y(l) = l - 3. Suppose 5*x - 3*x + 8 = 0. Let d(k) = u*y(k) + x*w(k). Give d(5).
8
Let y(m) = 6 + 2*m**2 - 5*m - 5 + 1 - m**2. Let j(x) = -17*x**2 - 24*x + 24. Let k be j(-2). Determine y(k).
-2
Let c(l) = l**2 + 3. Let a be (12/33)/(27/297). Calculate c(a).
19
Let t(g) = -12*g**2 + 1. Let r(w) = 11*w**2 - 1. Let d(b) = -6*r(b) - 5*t(b). Let y = -25 - -21. Let x be y - ((-8)/2 - 1). Determine d(x).
-5
Let q be (-16)/(-4) + -6 - -4. Let h(n) = 5 + 3 + q + n. Determine h(-8).
2
Let x = 295 - 291. Let j be x - (2*3)/(21/35). Let w(m) = -m**2 - 9*m - 4. Calculate w(j).
14
Let o(q) = 3 - 326*q + 656*q - 1 + 10 - 340*q. Determine o(3).
-18
Let b(l) = l**3 - 8*l**2 + 7*l - 6. Let g = -166 + 111. Let h be ((-7)/2)/(g/10 + 5). Determine b(h).
-6
Suppose 4*l - 4 = -3*m, 4*l - 6*l = -2*m - 2. Let r(k) = m*k + 0*k + 0*k + k + 8. Let s be ((-5 - -2)/(-6))/(3/(-36)). What is r(s)?
2
Let v(a) = -21*a**3 + 4*a - 2*a + 19*a**3 - 17*a + 19 - 27*a**2 - 6*a**2. What is v(-16)?
3
Let t(j) be the second derivative of 0 - 17/2*j**2 + 1/3*j**3 + 1/12*j**4 - 119*j. Determine t(-6).
7
Let i be (56/30 - 4/(-30)) + 1. Let s(r) = 17 - 36 + 8 + i*r + 2*r**2 + 12. What is s(-3)?
10
Let o(b) = b**3 + 10*b**2 - 25*b - 28. Let x = 34815 - 34827. Calculate o(x).
-16
Let d(q) = 7*q - 14. Let l be d(2). Suppose 23*i - 24 - 206 = l. Let t(c) = -6*c + 10. Calculate t(i).
-50
Let z be (70 - 25789/369) + 44/(-18)*-2. Let y(t) be the second derivative of 1/12*t**4 + 3/2*t**2 - 1/2*t**3 + 0 + 1/10*t**z - 41*t. Calculate y(2).
17
Let w(i) be the first derivative of -19*i**3 - 3*i**2/2 - 2*i + 3272. Calculate w(-1).
-56
Let v(b) be the first derivative of b**3/3 + 27*b**2/2 + 151*b - 2867. Calculate v(-19).
-1
Suppose 10*o = 16*o - 48. Let n(h) = -9*h**2 - 4*h**2 - 4*h**2 - 12*h - o + 18*h**2. Determine n(13).
5
Let o(m) be the third derivative of -m**4/24 - 19*m**3/6 + 436*m**2 + 2*m. What is o(16)?
-35
Let t(u) = u - 3. Let r(w) = -39 + 5*w - 13 - 17. Let j be r(13). Let q be 6/j + (-1)/(-2) - -1. Give t(q).
-3
Let s(i) = 8*i + 52. Let k(o) = -5*o - 10. Let m(c) = -3*k(c) - s(c). What is m(7)?
27
Let s(b) be the second derivative of b**5/20 - b**4/4 + b**3/3 - 3*b**2/2 - 7*b. Let i(d) = 19*d - 11. Let f be i(-3). Let h = 70 + f. Determine s(h).
-3
Let t(s) = -s**2 + 4*s + 15. Let u be (69/23 - (-8)/(-1))*-1. Suppose -u*x + 7 = 27, 0 = -5*d + 5*x + 55. What is t(d)?
-6
Let d be ((-3)/4)/(275/50 + -7)*-6. Let u(f) be the third derivative of -5*f**4/24 - 5*f**3/3 + 3*f**2. Give u(d).
5
Suppose 4*r + 5*q - 22 = 0, 0 = 2*r + 5*q - 2 - 14. Suppose -r*m + 2 + 1 = 0. Let f(d) = 4 + 0 - d + m. Calculate f(5).
0
Let x(p) be the third derivative of -p**4/8 + p**3/3 + 916*p**2. Let r be 2/8 + (-2)/8. Suppose -5*o + 0*b + 3*b - 10 = r, 3*o + 6 = -3*b. Give x(o).
8
Let m(l) = -1991*l**2 + 994*l**2 - 2 - 7*l + 998*l**2. Suppose -10 + 3 = -u. Determine m(u).
-2
Suppose -8*c = -5*i - 9*c + 4, -4*i + 1 = 3*c. Let a(b) = -34*b + 4. Calculate a(i).
-30
Let x(n) = n**2 + 32*n + 100. Suppose -5*m = 10, b + 0*m + 39 = -5*m. Let d be x(b). Let w(a) = -12*a**3 + 1 + 2*a + 418*a**2 - 418*a**2 + d*a**3. Give w(-1).
-2
Let a(o) be the second derivative of 110*o + 1/6*o**3 + 0 + 0*o**2. Calculate a(2).
2
Let n(m) = -6*m + 14. Suppose -319*r = -311*r - 40. What is n(r)?
-16
Suppose 6 = i - 3*u - 14, u - 20 = -5*i. Let v(m) = 0*m**3 + 1132 + 2*m - 1138 - i*m**2 + m**3. What is v(5)?
4
Suppose 12*w = 28 + 8. Let n(y) = w*y - 23 - 12*y - y**2 + 32. What is n(-10)?
-1
Suppose 3*y - 2*k = y + 84, 3*k = 3. Let o(i) = -9 + 82*i - y*i - 41*i. Calculate o(-6).
3
Let g(j) = 7*j**2 - 19*j**2 + 11*j**2 + 7 + 7*j - 12. Let t(q) = -2*q**2 - 12*q + 40. Let x be t(-8). Give g(x).
-13
Let l(v) = 8*v**2 + 27*v - 27. Suppose 10*p = 11*p - a - 7, 3*a + 18 = 0. Give l(p).
8
Let z(j) = j**3 + 4*j**2 - 4. Suppose 10*c - 6*c = -76. Let r = 24 + c. Suppose g + 0*g - 5*a = -19, 4*g + 31 = r*a. Give z(g).
-4
Let m(l) be the third derivative of l**4/24 + l**3/6 + 704*l**2. Give m(16).
17
Let h(a) be the second derivative of -a**5/20 + a**4 - 17*a**3/6 - 8*a**2 - 61*a + 12. Calculate h(8).
104
Let d = -9 - -25. Let v(b) = -19 - 9*b + 34 - d - 3*b. What is v(-1)?
11
Let i(g) = -488*g - 28299. Let a be i(-58). Let r(d) be the first derivative of d**4/4 - 5*d**3/3 + d**2 - 5*d - 1. Determine r(a).
5
Let g = -248 - -225. Let f be g/207 - (-110)/18. Let o(i) = -5*i + 10. Determine o(f).
-20
Let k be (3808/84)/((-32)/(-24)). 